{"id":7,"date":"2025-07-22T14:37:00","date_gmt":"2025-07-22T14:37:00","guid":{"rendered":"https:\/\/la-bo.de\/?page_id=7"},"modified":"2025-07-22T15:40:28","modified_gmt":"2025-07-22T15:40:28","slug":"coming-soon","status":"publish","type":"page","link":"https:\/\/la-bo.de\/","title":{"rendered":"Coming soon"},"content":{"rendered":"<p>[et_pb_section fb_built=&#8221;1&#8243; custom_padding_last_edited=&#8221;on|phone&#8221; _builder_version=&#8221;4.27.4&#8243; _module_preset=&#8221;default&#8221; background_color=&#8221;#18702e&#8221; custom_margin=&#8221;||||false|false&#8221; custom_padding=&#8221;||300px||false|false&#8221; custom_padding_tablet=&#8221;||300px||false|false&#8221; custom_padding_phone=&#8221;||400px||false|false&#8221; global_colors_info=&#8221;{}&#8221;][et_pb_row _builder_version=&#8221;4.27.4&#8243; _module_preset=&#8221;default&#8221; global_colors_info=&#8221;{}&#8221;][et_pb_column type=&#8221;4_4&#8243; _builder_version=&#8221;4.27.4&#8243; _module_preset=&#8221;default&#8221; global_colors_info=&#8221;{}&#8221;][et_pb_image src=&#8221;https:\/\/la-bo.de\/wp-content\/uploads\/2025\/07\/labo-removebg-preview.png&#8221; title_text=&#8221;labo-removebg-preview&#8221; align=&#8221;center&#8221; _builder_version=&#8221;4.27.4&#8243; _module_preset=&#8221;default&#8221; width=&#8221;30%&#8221; global_colors_info=&#8221;{}&#8221;][\/et_pb_image][et_pb_text _builder_version=&#8221;4.27.4&#8243; _module_preset=&#8221;default&#8221; header_text_color=&#8221;#f7c435&#8243; hover_enabled=&#8221;0&#8243; global_colors_info=&#8221;{}&#8221; sticky_enabled=&#8221;0&#8243;]<\/p>\n<h1 class=\"p1\" style=\"text-align: center;\"><b>Demn\u00e4chst verf\u00fcgbar<\/b><\/h1>\n<h1 style=\"text-align: center;\"><b>La&amp;Bo Pflegedienst <\/b><\/h1>\n<p>[\/et_pb_text][et_pb_text _builder_version=&#8221;4.27.4&#8243; _module_preset=&#8221;default&#8221; header_3_text_color=&#8221;#f7c435&#8243; header_3_font_size=&#8221;20px&#8221; hover_enabled=&#8221;0&#8243; sticky_enabled=&#8221;0&#8243;]<\/p>\n<h3 class=\"p1\" style=\"text-align: center;\"><b>Unser Team ist erfahren und arbeitet mit Herz, damit die Kunden den bestm\u00f6glichen Service erhalten.<\/b><\/h3>\n<h3 class=\"p1\" style=\"text-align: center;\"><b>Wir sind f\u00fcr Sie da.<\/b><\/h3>\n<p>[\/et_pb_text][\/et_pb_column][\/et_pb_row][\/et_pb_section]<\/p>\n","protected":false},"excerpt":{"rendered":"<p>Demn\u00e4chst verf\u00fcgbar La&amp;Bo Pflegedienst Unser Team ist erfahren und arbeitet mit Herz, damit die Kunden den bestm\u00f6glichen Service erhalten. Wir sind f\u00fcr Sie da.<\/p>\n","protected":false},"author":1,"featured_media":0,"parent":0,"menu_order":0,"comment_status":"closed","ping_status":"closed","template":"page-template-blank.php","meta":{"_et_pb_use_builder":"on","_et_pb_old_content":"","_et_gb_content_width":"","footnotes":""},"class_list":["post-7","page","type-page","status-publish","hentry"],"_links":{"self":[{"href":"https:\/\/la-bo.de\/index.php\/wp-json\/wp\/v2\/pages\/7","targetHints":{"allow":["GET"]}}],"collection":[{"href":"https:\/\/la-bo.de\/index.php\/wp-json\/wp\/v2\/pages"}],"about":[{"href":"https:\/\/la-bo.de\/index.php\/wp-json\/wp\/v2\/types\/page"}],"author":[{"embeddable":true,"href":"https:\/\/la-bo.de\/index.php\/wp-json\/wp\/v2\/users\/1"}],"replies":[{"embeddable":true,"href":"https:\/\/la-bo.de\/index.php\/wp-json\/wp\/v2\/comments?post=7"}],"version-history":[{"count":11,"href":"https:\/\/la-bo.de\/index.php\/wp-json\/wp\/v2\/pages\/7\/revisions"}],"predecessor-version":[{"id":22,"href":"https:\/\/la-bo.de\/index.php\/wp-json\/wp\/v2\/pages\/7\/revisions\/22"}],"wp:attachment":[{"href":"https:\/\/la-bo.de\/index.php\/wp-json\/wp\/v2\/media?parent=7"}],"curies":[{"name":"wp","href":"https:\/\/api.w.org\/{rel}","templated":true}]}}